*c - 10. Let p be r(12). Suppose -5*i - 3*l = 40, -3*l - 25 = p*l. Let s(m) = -m**3 - 4*m**2 + 4*m - 2. What is s(i)?
3
Suppose -51 + 1 = 5*j + 5*f, 0 = -5*j - 4*f - 46. Let g(w) = w**3 + 5*w**2 - 5*w + 4. Give g(j).
-2
Let b(f) = 2*f - 3. Let r be b(4). Let g(a) = 5*a**2 - 5*a - 9*a**3 + 8*a**3 + r + 11*a. Calculate g(6).
5
Let c = -30 - -30. Suppose c = -5*w + 28 - 8. Let q(n) = 3*n**3 + 9*n**2 - 1. Let p(d) = -5*d**3 - 17*d**2 + 3. Let u(o) = 4*p(o) + 7*q(o). Give u(w).
-11
Let i(w) = -w - 5. Let n(a) = -2*a - 9. Let y be 5*5/((-75)/(-9)). Suppose -d = -y - 3. Let s(g) = d*n(g) - 11*i(g). Calculate s(6).
-5
Suppose -60 = 4*b - 7*b. Suppose 10 = 2*z + 5*a, -6*a + a = 4*z - b. Suppose m - 4 = 4*l, z*l + 1 = 4*l. Let d(v) = v**3 - v**2 - v - 2. What is d(m)?
-2
Suppose 0 = -3*b + 11 + 7. Let p(g) = -g. Let d(n) = 7*n - 7. Let f(c) = b*p(c) + d(c). Suppose -3*j = -j - 10. Give f(j).
-2
Suppose -2*y - 20 = -12*y. Suppose -y*i - d - 26 = -5*d, 0 = 5*d - 15. Let n(v) = v + 2. What is n(i)?
-5
Let r = 989/6 + -494/3. Let b(z) be the third derivative of -1/6*z**3 + z**2 + 0 + 0*z - r*z**4. Determine b(-1).
3
Let a(n) = 17*n + 1 - 2 - 37*n + 22*n + 2*n**3. Calculate a(-2).
-21
Let l(w) = w. Suppose 4*c = -4*x - 14 - 2, 28 = -4*c + 2*x. Calculate l(c).
-6
Let c(i) = 7*i**2 + 2*i - 1. Suppose 21 - 1 = 5*k. Let q(y) = y**2 - 5*y + 3. Let r be q(0). Suppose r*x = k*z - 5, x + 5 = -0*x + 3*z. Calculate c(x).
8
Let s = -762 - -771. Let b(h) = -h**3 + 9*h**2 + 2*h - 6. Determine b(s).
12
Let l(x) = -x + 10. Suppose -9 = -h + 3*u, 3*h - 28 + 1 = -3*u. Let p be l(h). Let m(c) = 8*c**2. What is m(p)?
8
Let w(j) = j**2 + 6*j - 2. Suppose -9*i - 5 - 283 = 0. Let l be -8 + i/8*1/(-2). Give w(l).
-2
Let c(u) be the first derivative of -7*u**4/4 - 11*u**3/3 - 11*u**2/2 + 4*u - 15. Let a(r) = r**3 + r**2 + r - 1. Let f(p) = 6*a(p) + c(p). Calculate f(-3).
-5
Let o(r) = 2*r - 5. Let c be o(1). Let b(h) = h**3 - 9*h**2 - 10*h + 3. Let m be b(10). Let f(j) = 3*j - 5*j + j**m + 3*j**2 + 0*j**3. Determine f(c).
6
Let w(g) = -g**2 + 6*g - 11. Let l be w(4). Let f(z) = -3*z - 1 + 0 + 0 - 1. What is f(l)?
7
Let y(g) be the first derivative of g**6/180 + g**5/120 + 14*g**3/3 + 38. Let w(u) be the third derivative of y(u). Suppose -2*z = -4*z - 4. Give w(z).
6
Let t(s) be the third derivative of s**6/120 - 2*s**5/15 + s**4/24 - s**3 + 133*s**2. Determine t(8).
2
Let q(c) = -c + 14. Let k be q(6). Suppose -11*w + k*w = 24. Let h(a) = -a**3 - 9*a**2 - 3*a + 10. Let y(z) = -z. Let t(j) = h(j) + 5*y(j). Give t(w).
10
Let l(x) = 13*x**2 - x - 2. Let y be l(-1). Suppose 8 = 4*f - y. Let a(r) = -2*r**2 + 2*r + r**2 + r. Determine a(f).
-10
Let o(d) = 3*d**3 + 5 - 3*d**3 + 0*d**2 - 14*d - d**3 - 9*d**2. Let w be o(-7). Let y(c) = c - 8. What is y(w)?
-3
Suppose 9*u - 34 = -16. Let m(a) = -6*a**2 + a - 1. Determine m(u).
-23
Let u(w) = -4*w + 4. Let q(t) = t**2 + t - 4. Let l be q(-5). Let o be ((-12)/8)/((-6)/l). Let g(s) = -s**2 + 5*s - 1. Let c be g(o). What is u(c)?
-8
Let b(i) = i + 6. Let w(r) be the third derivative of -r**6/20 - r**4/24 - 6*r**2. Let c be w(-1). Suppose 23 = -6*t - c. Give b(t).
1
Suppose j = s - 2, -4*j + 13 = s + 6. Let o(l) = -l**2 + 5*l + 3. Calculate o(s).
9
Let b(m) = m - 8. Suppose -4*j = 2 + 2. Let y be 3/6*j*-10. Suppose a - 30 = -y*s, -12 = -2*s + 5*a - 2*a. Calculate b(s).
-2
Let q(p) = -p**2 + 5*p + 1. Let f be q(4). Suppose -f*z = -5*s + 5, -7 = z + s + 4*s. Let x(h) = -h + 2. What is x(z)?
4
Let h = 36 - -27. Let r(n) = h - 125 + 6*n**2 + 63 - n. Give r(-2).
27
Let i(g) = -2*g**2 - 104*g + 70*g + 33*g. Suppose 4*n = -2*j + 10, j - 14 = -2*n - 3*j. Calculate i(n).
-3
Let r(v) = -v**2 - 3*v + 4. Let h be ((-5)/(-30)*20)/((-4)/6). Calculate r(h).
-6
Let i(m) = -m**3 - 3*m**2 + m - 1. Suppose -2*l + 57 + 9 = 0. Suppose 4*f - l = f. Suppose -2*d + 3 = f. What is i(d)?
11
Let j(l) = l**2 + 3*l - 5. Let t be j(-6). Let w be (-1)/2*(3 - t). Let n(o) = 18 + 0*o - 12 - 4*o. Determine n(w).
-14
Suppose -253*d = -220*d + 33. Let a(g) = 55*g**2 - 3*g - 2. Determine a(d).
56
Let t(n) be the third derivative of n**6/40 - n**4/8 - n**3/3 - 6*n**2. Let x(p) = -16*p**3 - p**2 + 15*p + 11. Let f(k) = -11*t(k) - 2*x(k). Give f(3).
0
Let c(u) = u**2 - 6*u + 2. Let y = 15 + -9. Let i(d) = d**2 - d. Let a be i(-1). Suppose -a - y = -2*r. Give c(r).
-6
Let h(b) = -99*b - 31. Let q(j) = 34*j + 11. Let u(s) = 6*h(s) + 17*q(s). Determine u(1).
-15
Let o be (-141)/(-6)*(-8)/(-4). Let j be (-2)/(-7) + o/7. Let n(z) = 5*z - 7 + 3*z + 3*z**3 - j*z - 2*z**3 + 5*z**2. Calculate n(-5).
-12
Let l(x) = 9*x - 32*x + 10*x + 9*x - 2. Let m = 68 - 39. Suppose 0*y - y = -5*g - 28, -3*y + m = -4*g. What is l(g)?
18
Suppose 6*t - 8*t = -4. Let x(b) = -4*b + 4*b + b - t*b. Determine x(-2).
2
Suppose n - 2 = -4. Let b = 4 - n. Let z(v) = v**2 - 6*v + 10. Let t(k) = -k**2 + 5*k - 11. Let c(u) = -2*t(u) - 3*z(u). What is c(b)?
4
Let n(j) = 3*j + 0 - 2 - 4*j - j**2. Suppose 13*p - 34 = 10*p - 5*q, 5*p = 4*q - 5. Give n(p).
-14
Let c(t) be the first derivative of -t**4/12 - t**3/6 - 11*t**2/2 - t - 6. Let f(r) be the first derivative of c(r). What is f(0)?
-11
Let w(o) = -o**3 + 11*o**2 + 26*o + 11. Let y(a) = -a**2 - 53*a - 137. Let z be y(-3). What is w(z)?
11
Let n(r) = -r + 24. Let t be n(18). Suppose t*o = o - 25. Let x(s) = -s**3 - 6*s**2 - 6*s + 5. Determine x(o).
10
Let f(b) be the second derivative of -1/2*b**5 - 1/12*b**4 + 0 + 1/2*b**2 - 2*b - 1/6*b**3. Determine f(1).
-11
Let f(y) = 1. Let a = 10 - 10. Suppose a*t = -4*t + 4. Let v(i) = i - 6. Let z(j) = t*v(j) + 4*f(j). Calculate z(-6).
-8
Let o(k) = k**2 + 3*k + 3. Let q be o(-2). Let n(a) be the third derivative of -1/60*a**5 + 0*a - 29*a**2 + 19/120*a**6 + 0*a**4 + 0 + 0*a**3. What is n(q)?
18
Suppose 5*h + 45 = 5*o, -7*h + 5*h = -5*o + 30. Let y(i) = 3*i + 17. What is y(h)?
2
Let y(q) = 5*q - 1. Suppose 125*o - 121*o - 2*z = 22, 4*z - 44 = -3*o. Calculate y(o).
39
Let j(a) = 4*a**2 - 33*a - 21. Let o(v) = -3*v**2 + 22*v + 14. Let y(i) = 5*j(i) + 7*o(i). Let u(q) = -4*q**3 + 3*q**2 + q - 5. Let w be u(0). Calculate y(w).
23
Let k(q) = 8*q**2 - 10*q. Let v(y) = -3*y**2 - 5 + 9*y + 0*y**2 - 4*y**2 + 6. Let h(s) = -6*k(s) - 7*v(s). Calculate h(5).
3
Let g = 115 - 109. Let w(m) be the first derivative of -4*m - 1/3*m**3 - g - 1/4*m**4 + 0*m**2. Determine w(0).
-4
Let m(s) = -1 - 118*s + 61*s + 59*s. Calculate m(3).
5
Let t(u) be the third derivative of -u**7/2520 + u**6/80 - 13*u**4/24 + 11*u**2. Let r(d) be the second derivative of t(d). Give r(7).
14
Let y(o) = -o - 11. Let q = 26 + -31. Let z be y(q). Let m(h) = -276*h - 2*h**2 + 281*h + 9 + 3*h**2. Calculate m(z).
15
Suppose -6*x + 4 = -5*x, 5*o + 5*x = 30. Let g(d) = 2*d**2 - 4*d + 5. Give g(o).
5
Let z(n) be the second derivative of 2*n**3 + n**2/2 + 2*n + 15. Calculate z(1).
13
Let d(q) be the second derivative of -q**4/12 - q**3/2 - q**2/2 - q - 48. Let k(i) = -10*i. Let f be k(3). Let x be -5*-3*4/f. Give d(x).
1
Let v be (-6)/(-4)*13*(-70)/(-273). Let i(u) = -u**3 + 6 - 5*u + 6*u**2 + 2*u**3 - 2*u**3. Calculate i(v).
6
Let q(m) = -m**2 - 1. Suppose 2*f - 14 = -2*i, -5*f + 5*i = 1 - 26. Let g(p) = 5*p**2 + 6*p + 2. Let c(z) = f*q(z) + g(z). Determine c(4).
4
Let l(y) = -y**2 + 15*y - 8. Suppose 0 = z + 3, 12*z - 53 = -4*r + 11*z. Give l(r).
6
Suppose 19*u - 228 = -19*u. Let f(o) be the first derivative of -o**4/4 + 5*o**3/3 + 5*o**2/2 + 6*o + 9. Determine f(u).
0
Let l(j) = 6 - 2*j - 3 + 1 + 3*j. Let g be l(-2). Let d(q) = 2*q**2 - 6*q**2 - 8*q - 1 + 3*q**g. Give d(-6).
11
Let f(g) be the second derivative of -g**4/12 - 2*g**3/3 + 3*g**2 + 28*g. Let r = -3 - -5. Suppose y = r*y + 5. Calculate f(y).
1
Let x(q) = 7*q**2 + 2*q - 2. Suppose 12*f - 4*h + 11 = 7*f, 0 = -5*f + h + 1. What is x(f)?
7
Suppose 0 = -18*l + 15*l + 12. Let o(k) = -7*k - 4. What is o(l)?
-32
Let c(w) be the first derivative of w**3/3 + 5*w**2/2 + 3*w - 34. Let u = 21 + -13. Let k = 4 - u. Determine c(k).
-1
Suppose 5*f + 65 = -8*h + 3*h, 67 = -5*f - 4*h. Let i be (-115)/f - (-2)/6. Suppose 5 - i = w. Let c(a) = -a. What is c(w)?
3
Let m(z) = z - 9*z**2 - 1 - 7 + 665*z**3 - 664*z**3. Suppose 3*a - 9 = 2*a. Give m(a).
1
Let v(q) be the third derivative of 0 + 0*q - 12*q**2 - 1/60*q**5 + 1/24*q**4 - 1/